st common divisor of w and k.
3
Let g be -17*(9/6 - (-1286)/(-4)). What is the greatest common divisor of g and 255?
85
Let t = 141 + -63. Let m = 46 - 166. Let c = -3 - m. Calculate the highest common factor of t and c.
39
Suppose 4*i - 4*d = 196, i = -3*d - 464 + 501. What is the greatest common factor of i and 4094?
46
Suppose 394 + 227 = 23*j. Suppose -502 = j*q - 4930. Calculate the highest common divisor of q and 4.
4
Let o(a) = a**2 - a + 1. Let y(k) = 2*k**2 - 68*k - 7. Let c(m) = 2*o(m) + y(m). Let t be c(18). Calculate the greatest common divisor of t and 124.
31
Let b be 4/(-3)*51/(-17). Suppose -2*d = -6*d + b. What is the greatest common divisor of 5 and d?
1
Let f(j) = -22*j**3 + 3*j - 1. Let b be f(2). Let m = b + 208. What is the highest common factor of 296 and m?
37
Let d = 4904 - 4877. What is the highest common divisor of 108 and d?
27
Suppose -329 = -22*b + 308 + 1431. Suppose -4*h = -2*h - 2*f + 4, 0 = -h - 3*f + 14. Calculate the highest common factor of h and b.
2
Suppose -g = -4*u - 221, -4*g + 402*u - 406*u = -904. What is the greatest common factor of g and 780?
15
Let m = -7541 + 7555. What is the highest common factor of 3017 and m?
7
Suppose -37*r = -33*r + 3*i - 162, 0 = -3*r + 2*i + 96. Let b be 11 + (-4)/((-4)/(-3)). Let z = 16 + b. What is the highest common divisor of r and z?
12
Let w = -285 + 438. Let m be ((-18)/(-5))/(w/510). Calculate the greatest common factor of 28 and m.
4
Let g = 20 - 19. Suppose g = s + 3. Let l be s - ((-164)/2 - 1). Calculate the greatest common divisor of l and 18.
9
Let z = -8 + 63. Suppose -2*h - 5*q - z = -430, 0 = -h - 5*q + 200. Let r = 13 - -22. What is the highest common divisor of h and r?
35
Suppose -15 = -5*d, 10*q + 2596 = 14*q - 4*d. Calculate the highest common factor of 16463 and q.
163
Suppose -170*u + 167*u - 5*j + 275 = 0, 0 = u - 3*j - 87. Calculate the highest common factor of 2205 and u.
45
Let b be (-573)/4 - (-7)/28. Let j be b*(2 + 1)/(15 - 18). What is the highest common factor of j and 26?
13
Let f(t) = -t + 9. Suppose -3*l + 5*l - 10 = 0. Let q be f(l). Suppose -q*z + 0*h = -h - 66, 4*z - 74 = 5*h. What is the highest common factor of z and 16?
16
Suppose -3*o = 33 - 129. Suppose -12*x + 32 = 4*x. Suppose x = -5*d + o. What is the highest common divisor of 6 and d?
6
Let n be 3/(6/(-16)) - (-1019 - (-38 - -22)). What is the greatest common divisor of 2 and n?
1
Let f(o) = 2*o**2 - 22*o - 226. Let s be f(-16). Calculate the greatest common factor of s and 11.
11
Let f = -4741 - -4743. What is the highest common divisor of f and 106?
2
Let n be (-18)/(-45)*(2 + 0 + 63). Let h(p) = -n*p + 9*p - 15*p - 4*p. Let y be h(-2). What is the highest common factor of y and 9?
9
Let o(v) = -2*v**2 - 30*v + 166. Let m be o(-19). Calculate the highest common factor of 2184 and m.
14
Suppose 28*t - 48 = 31*t. Let b be (t*(-28)/(-40))/(3/(-30)). Calculate the highest common factor of 32 and b.
16
Let j(w) = w**2 + 15*w + 70. Let t be j(23). What is the greatest common factor of 16 and t?
16
Suppose 5*y - 3*v = -77, -50 = 3*y + v + v. Let b = y - -19. Suppose -b*n - 8*p + 3*p + 131 = 0, 0 = -n + p + 41. What is the highest common factor of 14 and n?
14
Let u = 9571 + -7995. What is the greatest common factor of 24 and u?
8
Let b(x) = 28*x + 10. Let w be b(-3). Let a = -64 - w. Suppose 11*l + 30 = 14*l. Calculate the highest common factor of l and a.
10
Suppose 0 = 4*s - 7*x - 2*x - 151, 3*x = 5*s - 164. What is the greatest common factor of s and 12431?
31
Let l(s) = 13*s - 227. Let f be l(19). Calculate the greatest common divisor of 265 and f.
5
Let o(d) = -7*d + 446. Let u be o(14). Calculate the highest common divisor of 156 and u.
12
Suppose 1510 + 1208 = 6*p. Let s = -429 + p. What is the highest common factor of 8 and s?
8
Suppose l + 5*a - 37 = 0, -11*l + 34 = -7*l + a. Calculate the highest common divisor of 1841 and l.
7
Suppose -2*j = 5*g + 3*j - 1190, -5*g + 3*j = -1182. Let p = 479 - g. Calculate the greatest common factor of p and 22.
22
Suppose -5*t - 15 = 0, p = -0*p + 5*t - 5. Let f be -1 - 5/(p/36). Suppose 10*b = f*b - 2, x - 2*b = 66. Calculate the greatest common factor of x and 8.
8
Let m = 215 + -137. Let k(g) = -g + 21. Let x(h) = 22. Let d(b) = 5*k(b) - 4*x(b). Let l be d(-7). Calculate the highest common factor of l and m.
26
Let b(t) = 59*t**2 - 27*t + 25. Let j(h) = 28*h**2 - 13*h + 12. Let l(f) = -6*b(f) + 13*j(f). Let w be l(4). Calculate the greatest common factor of 6 and w.
6
Let k be -25 + 39 - (-40)/4. Let j(l) = 7*l**2 + 2*l + 7. Let o be j(5). What is the greatest common factor of k and o?
24
Let d = 215 + -107. Let y be 2 + 20/8*98/35. What is the highest common factor of d and y?
9
Let f be (-1 - -1)*(2 - (-25)/(-10)). Suppose f = 20*m - 17*m - 306. Calculate the highest common divisor of m and 6.
6
Suppose 0 = 2*z + g + 13, 2*g + 4 = 4*z - 2*g. Let w = 0 - z. Suppose 48 + 6 = w*n + 2*d, -3*n - 4*d + 33 = 0. Calculate the greatest common divisor of n and 5.
5
Suppose 3332 = 4*o - 3*t + 5*t, -o - 4*t + 847 = 0. Suppose -10*b + o - 191 = 0. Let f = 305 - 145. Calculate the highest common factor of f and b.
32
Suppose 3*c + 6*b - 5 = 5*b, 3*b + 1 = -c. Suppose -c*a - 21 - 14 = -t, 4*t - 130 = 3*a. Calculate the highest common factor of 279 and t.
31
Let y be (25/3)/((-1)/(0 + 6)). Let v = -55 - y. Let u(x) = 3*x**2 + 5*x + 22. Let o be u(v). Calculate the greatest common factor of o and 48.
24
Let i be ((-9)/(-6))/((-6)/(-32)). Suppose u = -0*u + i. Suppose -q - 2*v = 2, v = -5*q - 2*v + 11. Calculate the greatest common factor of q and u.
4
Let n be 1/(9457/(-728) + 13). What is the greatest common divisor of n and 988?
52
Let p(b) = -17*b + 69. Let x be p(15). Let u = x - -648. What is the greatest common divisor of u and 42?
42
Suppose -2 = -w + 8. Suppose 0 = 13*r - 938 - 1116. Let l = r - 88. What is the highest common factor of l and w?
10
Suppose -3*k = 3*m - 44172, 2*m + 8*k - 5*k = 29443. Calculate the highest common factor of 572 and m.
143
Let n(p) = p**2 - 20*p. Let r be n(9). Let i = r - -65. Let q = 39 + i. What is the greatest common divisor of 55 and q?
5
Let a be (-2)/(-4)*454 + 441/(-147). What is the greatest common factor of a and 112?
112
Let b(i) = 22*i**3 - 7*i**2 + 24*i + 12. Let k = 227 + -224. Let n be b(k). What is the greatest common divisor of 45 and n?
15
Let u(j) = 5*j**2 - 18*j - 43. Let l be u(-3). Calculate the highest common factor of l and 256.
8
Let m(t) = 2*t**3 - 10*t**2 + 2*t - 12. Let a be m(6). Let u be (a/(-16) + 4)/((-2)/84). What is the highest common divisor of u and 7?
7
Suppose 22 = 4*q + q - 4*m, 22 = 3*q + 2*m. Let b = 57 + -54. Suppose z - 39 = -b. What is the greatest common factor of q and z?
6
Suppose -26 = -4*p - 0*n - 3*n, 4*p - 2*n = 36. Suppose -i + p*d + 123 = 7*d, -5*d - 131 = -i. Calculate the greatest common divisor of i and 55.
11
Suppose -3*o - 178 + 16 = 0. Let u = -49 - o. Suppose 455 = -18*l + 25*l. What is the greatest common divisor of u and l?
5
Let z(r) = -r - 12. Suppose 4*b - b = -39. Let j be z(b). Suppose -2*g = -6*m + 148, -16*m - 4*g + 29 = -15*m. What is the highest common factor of m and j?
1
Suppose -3*k = -4*n + 85 + 159, 0 = -3*k - 3*n - 258. Let l = k + 106. What is the greatest common divisor of l and 11?
11
Let b = 13021 - 12961. What is the highest common factor of b and 16600?
20
Suppose -x = -5*q - 56, -3*q - 10 - 34 = 2*x. Let s be (q/(-9))/(1/3). Let f be (16/20*-2*-20)/(-8 + 10). Calculate the greatest common divisor of f and s.
4
Let o(x) = -2*x**3 - 106*x**2 + 89*x - 592. Let w be o(-54). What is the greatest common divisor of w and 714?
14
Let w be (21/2)/(936/805584). Calculate the greatest common divisor of w and 7.
7
Let f(o) = 38*o**2 - 6*o + 3. Let s be f(1). Suppose 0 = 2*q + 3*c - s, 4*q - c = 15 + 76. Calculate the greatest common factor of 99 and q.
11
Suppose 233*h = 242*h + 671 - 12515. Calculate the highest common factor of 1222 and h.
94
Suppose -3*v - 2*s + 816 + 142 = 0, 5*s - 1261 = -4*v. Calculate the highest common divisor of 756 and v.
108
Suppose 26*r = 36*r + 4050. Let a be (-24)/(-9)*5/((-100)/r). Let x be 2/(-1 + (-166)/(-162)). Calculate the greatest common divisor of a and x.
27
Let c(h) = 9*h**3 - 21*h**2 - 50*h +